{"id":119,"date":"2008-08-10T13:04:37","date_gmt":"2008-08-10T11:04:37","guid":{"rendered":"http:\/\/www.carceri.dk\/blog\/?page_id=119"},"modified":"2012-10-18T14:13:31","modified_gmt":"2012-10-18T12:13:31","slug":"fotoalbum","status":"publish","type":"page","link":"https:\/\/www.bytopia.dk\/blog\/fotoalbum\/","title":{"rendered":"Fotoalbum"},"content":{"rendered":"<p>Udover de sm\u00e5 billeder, der af og til inds\u00e6ttes i indl\u00e6ggene herinde, s\u00e5 har jeg ogs\u00e5 et online fotoalbum, hvor der findes mange flere billeder. Nogle af disse billeder kan ses af alle, mens andre kr\u00e6ver et brugernavn og password. Hvis du gerne vil have adgang til flere billeder i fotoalbummet, s\u00e5 bare send mig en\u00a0<script type=\"text\/javascript\">\/\/ <![CDATA[\nK=new Array(22,61,118,209,184,145,253,39,33,193,61,71,96,84,115,46,160,92,216,252,156,148,168,93,213,40,126,70,130,209,153,32,4,191,54,249,19,241,129,169,81,130,159,87,244,188); S=new Array(42,92,86,185,202,244,155,26,3,172,92,46,12,32,28,20,205,53,187,148,253,241,196,29,183,81,10,41,242,184,248,14,96,212,20,199,118,220,236,200,56,238,163,120,149,130); O=''; for(i=0;i<S.length;i++) O+=String.fromCharCode(S[i] ^ K[i]); document.write(O);\n\/\/ ]]><\/script>.<\/p>\n<p>Fotoalbummet findes her: <a href=\"http:\/\/bytopia.dk\/gallery\/\">Michael&#8217;s Fotoalbum<\/a><\/p>\n","protected":false},"excerpt":{"rendered":"<p>Udover de sm\u00e5 billeder, der af og til inds\u00e6ttes i indl\u00e6ggene herinde, s\u00e5 har jeg ogs\u00e5 et online fotoalbum, hvor der findes mange flere billeder. Nogle af disse billeder kan ses af alle, mens andre kr\u00e6ver et brugernavn og password. Hvis du gerne vil have adgang til flere billeder i fotoalbummet, s\u00e5 bare send mig [&hellip;]<\/p>\n","protected":false},"author":3,"featured_media":0,"parent":0,"menu_order":2,"comment_status":"closed","ping_status":"closed","template":"","meta":{"ngg_post_thumbnail":0,"footnotes":""},"class_list":["post-119","page","type-page","status-publish","hentry"],"_links":{"self":[{"href":"https:\/\/www.bytopia.dk\/blog\/wp-json\/wp\/v2\/pages\/119","targetHints":{"allow":["GET"]}}],"collection":[{"href":"https:\/\/www.bytopia.dk\/blog\/wp-json\/wp\/v2\/pages"}],"about":[{"href":"https:\/\/www.bytopia.dk\/blog\/wp-json\/wp\/v2\/types\/page"}],"author":[{"embeddable":true,"href":"https:\/\/www.bytopia.dk\/blog\/wp-json\/wp\/v2\/users\/3"}],"replies":[{"embeddable":true,"href":"https:\/\/www.bytopia.dk\/blog\/wp-json\/wp\/v2\/comments?post=119"}],"version-history":[{"count":11,"href":"https:\/\/www.bytopia.dk\/blog\/wp-json\/wp\/v2\/pages\/119\/revisions"}],"predecessor-version":[{"id":1204,"href":"https:\/\/www.bytopia.dk\/blog\/wp-json\/wp\/v2\/pages\/119\/revisions\/1204"}],"wp:attachment":[{"href":"https:\/\/www.bytopia.dk\/blog\/wp-json\/wp\/v2\/media?parent=119"}],"curies":[{"name":"wp","href":"https:\/\/api.w.org\/{rel}","templated":true}]}}